{"id":14378,"date":"2018-05-15T16:52:18","date_gmt":"2018-05-15T16:52:18","guid":{"rendered":"https:\/\/capuchinos.org\/ingles1\/?page_id=14378"},"modified":"2018-06-26T22:20:40","modified_gmt":"2018-06-26T22:20:40","slug":"coframex","status":"publish","type":"page","link":"https:\/\/capuchinos.org\/ingles1\/coframex\/","title":{"rendered":"COFRAMEX"},"content":{"rendered":"<div id=\"cmsmasters_row_d3bf61f3c5\" class=\"cmsmasters_row cmsmasters_color_scheme_default cmsmasters_row_top_default cmsmasters_row_bot_default cmsmasters_row_boxed\">\n<div class=\"cmsmasters_row_outer_parent\">\n<div class=\"cmsmasters_row_outer\">\n<div class=\"cmsmasters_row_inner\">\n<div class=\"cmsmasters_row_margin\">\n<div id=\"cmsmasters_column_23008dd367\" class=\"cmsmasters_column one_first\">\n<div class=\"cmsmasters_column_inner\"><div id=\"cmsmasters_heading_335c9e144c\" class=\"cmsmasters_heading_wrap cmsmasters_heading_align_center\">\n\t<h2 class=\"cmsmasters_heading\">ST. FRANCIS OF ASSISI<\/h2>\n<\/div><div id=\"cmsmasters_heading_ae9e129115\" class=\"cmsmasters_heading_wrap cmsmasters_heading_align_center\">\n\t<h2 class=\"cmsmasters_heading\">Franciscan Family<\/h2>\n<\/div>\n<\/div><\/div>\n<\/div>\n<\/div>\n<\/div>\n<\/div>\n<\/div>\n<div id=\"cmsmasters_row_efc45c80b7\" class=\"cmsmasters_row cmsmasters_color_scheme_default cmsmasters_row_top_default cmsmasters_row_bot_default cmsmasters_row_boxed\">\n<div class=\"cmsmasters_row_outer_parent\">\n<div class=\"cmsmasters_row_outer\">\n<div class=\"cmsmasters_row_inner\">\n<div class=\"cmsmasters_row_margin\">\n<div id=\"cmsmasters_column_417a544db7\" class=\"cmsmasters_column one_first\">\n<div class=\"cmsmasters_column_inner\"><div id=\"cmsmasters_heading_86bd84f5d0\" class=\"cmsmasters_heading_wrap cmsmasters_heading_align_center\">\n\t<h4 class=\"cmsmasters_heading\">COFRAMEX<\/h4>\n<\/div>\n<\/div><\/div>\n<\/div>\n<\/div>\n<\/div>\n<\/div>\n<\/div>\n<div id=\"cmsmasters_row_356597d0f5\" class=\"cmsmasters_row cmsmasters_color_scheme_default cmsmasters_row_top_default cmsmasters_row_bot_default cmsmasters_row_boxed\">\n<div class=\"cmsmasters_row_outer_parent\">\n<div class=\"cmsmasters_row_outer\">\n<div class=\"cmsmasters_row_inner\">\n<div class=\"cmsmasters_row_margin\">\n<div id=\"cmsmasters_column_b0c2b8d44b\" class=\"cmsmasters_column one_first\">\n<div class=\"cmsmasters_column_inner\"><div class=\"cmsmasters_text\">\n<h4><img loading=\"lazy\" decoding=\"async\" class=\"aligncenter size-full wp-image-14379\" src=\"https:\/\/capuchinos.org\/wp-content\/uploads\/sites\/3\/2018\/05\/coframex_logo.jpg\" alt=\"\" width=\"210\" height=\"262\" \/><\/h4>\n<h4 style=\"text-align: left;\"><\/h4>\n<p style=\"text-align: left;\">On the VIII centenary of the birth of St. Francis, for the first time in Mexico, a large part of the Franciscan family gathered, and as a result of this encounter, on October 3, 1981, the desire to integrate Francis\u2019s and Clare\u2019s Spirituality in Mexico is born in the heart of some of the main Superiors.<\/p>\n<p style=\"text-align: left;\">On May 1st,1985, in the Conferencia de Institutos Religiosos de Mexico (Religious Institutes of Mexico Conference- CIRM), by initiative of Sister Imelda Mar\u00eda Gallegos, General Superior of the HFIC, and Friar Salvador Garc\u00eda P\u00e9rez. OFM. Proposed a possible meeting of all the Franciscan family with the purpose of mutual support and better service to the Church of Mexico, which was received with much enthusiasm by Friar Francisco Jim\u00e9nez, OFM Cap. General Delegate for the Capuchins in Mexico among other brothers of the TOR and the OFM-<\/p>\n<p style=\"text-align: left;\">The spirit of service, modesty, simplicity, minority, and above all, Christian and brotherly love in the permanent dialogue, allows us a true spiritual renovation which takes us to a profound Franciscan participation and communion.<\/p>\n<p style=\"text-align: left;\"><a href=\"http:\/\/coframex.blogspot.mx\" target=\"_blank\" rel=\"noopener\">www.coframex.blogspot.mx<\/a><\/p>\n<p>&nbsp;<\/p>\n<\/div>\n<\/div><\/div>\n<\/div>\n<\/div>\n<\/div>\n<\/div>\n<\/div>\n<div id=\"cmsmasters_row_35jzr0ykor\" class=\"cmsmasters_row cmsmasters_color_scheme_default cmsmasters_row_top_default cmsmasters_row_bot_default cmsmasters_row_boxed\">\n<div class=\"cmsmasters_row_outer_parent\">\n<div class=\"cmsmasters_row_outer\">\n<div class=\"cmsmasters_row_inner\">\n<div class=\"cmsmasters_row_margin\">\n<div id=\"cmsmasters_column_j8oydjhg8p\" class=\"cmsmasters_column one_first\">\n<div class=\"cmsmasters_column_inner\"><\/div><\/div>\n<\/div>\n<\/div>\n<\/div>\n<\/div>\n<\/div>\n\n","protected":false},"excerpt":{"rendered":"","protected":false},"author":1,"featured_media":0,"parent":0,"menu_order":0,"comment_status":"closed","ping_status":"closed","template":"","meta":{"footnotes":""},"class_list":["post-14378","page","type-page","status-publish","hentry"],"_links":{"self":[{"href":"https:\/\/capuchinos.org\/ingles1\/wp-json\/wp\/v2\/pages\/14378","targetHints":{"allow":["GET"]}}],"collection":[{"href":"https:\/\/capuchinos.org\/ingles1\/wp-json\/wp\/v2\/pages"}],"about":[{"href":"https:\/\/capuchinos.org\/ingles1\/wp-json\/wp\/v2\/types\/page"}],"author":[{"embeddable":true,"href":"https:\/\/capuchinos.org\/ingles1\/wp-json\/wp\/v2\/users\/1"}],"replies":[{"embeddable":true,"href":"https:\/\/capuchinos.org\/ingles1\/wp-json\/wp\/v2\/comments?post=14378"}],"version-history":[{"count":3,"href":"https:\/\/capuchinos.org\/ingles1\/wp-json\/wp\/v2\/pages\/14378\/revisions"}],"predecessor-version":[{"id":15089,"href":"https:\/\/capuchinos.org\/ingles1\/wp-json\/wp\/v2\/pages\/14378\/revisions\/15089"}],"wp:attachment":[{"href":"https:\/\/capuchinos.org\/ingles1\/wp-json\/wp\/v2\/media?parent=14378"}],"curies":[{"name":"wp","href":"https:\/\/api.w.org\/{rel}","templated":true}]}}